+ s, -5*o = -5*l + 25. List the prime factors of l.
7
Suppose 4*p + 75 = 4*n - 189, 3*p = -4*n + 299. What are the prime factors of n?
71
Let p(d) = d + 2. Let n be p(5). Suppose 0 = -2*y + 2*q + n + 3, 3*y - 50 = -4*q. Let x = -6 + y. What are the prime factors of x?
2
Suppose -6*r = -2*r. Suppose r*k = -k + 53. List the prime factors of k.
53
Let d = -12 - -23. What are the prime factors of (5/2)/(d/132)?
2, 3, 5
Let b(h) = -h - 7. Let d be b(-7). Suppose 3*l + 20 = 2*t, d = 5*l + t + t + 28. List the prime factors of ((-2)/(-6))/(l/(-198)).
11
List the prime factors of (-5840)/(-104) + 4/(-26).
2, 7
Let w = 106 + 41. List the prime factors of w.
3, 7
Let n = 14 + 3. What are the prime factors of n?
17
Suppose -5*z = -3*z - 2. Let a = 12 + z. Let g = a + -1. List the prime factors of g.
2, 3
Suppose -4*i - 136 = -2*p, 5*p - p - 5*i - 257 = 0. List the prime factors of p.
2, 29
Let i(u) = u - 2. List the prime factors of i(5).
3
Suppose 5*b = -4*c - 54, 5*b = b + 5*c - 35. Suppose -35 - 37 = -4*a. Let o = b + a. List the prime factors of o.
2
List the prime factors of 39/(-4)*72/((-18)/6).
2, 3, 13
Suppose 3*r - w = 38, 0 = 5*r + 5*w - 65 - 5. Suppose -11*v = -12*v - 8. Let j = r + v. List the prime factors of j.
5
Suppose 0*k - 5*k + 98 = 3*y, 0 = -2*k + 8. Suppose 0 = -u - 2, -2*t - 6 + y = u. What are the prime factors of t?
11
Suppose 0*p + 345 = 5*p. List the prime factors of p.
3, 23
Suppose 4*c = 2*c + 40. Suppose 14 = -2*b - 0*b + 4*z, 5*b + 2*z + 23 = 0. Let q = b + c. List the prime factors of q.
3, 5
Let i = -33 - -56. Let b = -15 + i. List the prime factors of b.
2
Let h(i) = -62*i + 30. What are the prime factors of h(-3)?
2, 3
Let z(o) = 5*o + 6. What are the prime factors of z(3)?
3, 7
Let c(q) = q**3 + 14*q**2 - 8*q - 5. List the prime factors of c(-13).
2, 67
Let b(d) = d**2 + d + 6. Let i be b(-5). Let f = -8 + i. What are the prime factors of f?
2, 3
Suppose 3*i + 1 = -5. Let y(d) = -4*d**3 - d**2 - 2*d - 3. List the prime factors of y(i).
29
Let a = 6 - 4. Let x(i) = 10*i**2 + 3*i + 9. Let v be x(-2). Suppose 0*n - v = -a*n + w, n - 5*w - 35 = 0. What are the prime factors of n?
2, 5
Let y = 16 + -5. Let r = 19 - y. What are the prime factors of r?
2
Suppose -6 = -4*p - 2*j, 0*p + 2*p + 3*j - 5 = 0. Let t be (-3)/((6/4)/p). Let v(x) = -x. List the prime factors of v(t).
2
List the prime factors of ((-1191)/9 + (-24)/(-18))/(-1).
131
Let q = 8 + 38. List the prime factors of q.
2, 23
Let g(c) = c**2 + 4*c - 7. Let k(a) = -2*a**2 - 4*a - 1. Let q be (-1)/(-2) + 21/(-6). Let r be k(q). List the prime factors of g(r).
2, 7
Let q(o) = -o. Let g be q(7). Let s(t) be the third derivative of -t**6/120 - 7*t**5/60 + 7*t**3/6 + t**2. List the prime factors of s(g).
7
Let a(q) = -q**3 + 8*q**2 + 9*q - 2. Let v be a(9). Let m be v/7 - (-14)/49. Suppose -2*d + 5 - 1 = m. What are the prime factors of d?
2
Let b = 457 - 195. List the prime factors of b.
2, 131
Suppose -2 + 0 = -d. Suppose 3*c = -d*c. Suppose c*u - 2*u = -28. What are the prime factors of u?
2, 7
Let v be 3/9 + (-4)/(-6). Let u = 3 - v. Suppose -4 = -u*w + 4. What are the prime factors of w?
2
Suppose -5*i - 65 = 5*h, -4*h - 10 = -3*i + 28. Let x(w) = -w**2 + 5*w + 6. Let q be x(8). Let t = h - q. What are the prime factors of t?
7
List the prime factors of (78/(-10))/((-1)/5).
3, 13
Let y be (-10 - 0)/(3 + -5). Suppose b - 4*p = 5*b - 4, -y*p = -25. Let u = b - -9. List the prime factors of u.
5
Suppose 42*g - 44*g = -268. List the prime factors of g.
2, 67
Let x = -14 + 84. List the prime factors of x.
2, 5, 7
Let f(w) = -4*w - 1. Let m = -8 + 6. List the prime factors of f(m).
7
Suppose -15 = a - 4. Let v(o) = -2*o - 8. List the prime factors of v(a).
2, 7
Suppose -q - 39 = 3*n + 46, 4*n + 135 = 3*q. Let i be (-110)/n + 4/(-6). Suppose 0 = -0*j + i*j - 24. List the prime factors of j.
2
Let n = -10 - -22. List the prime factors of (n/5)/(9/30).
2
Let f(i) = -i**3 - 4*i**2 - 3*i - 2. What are the prime factors of f(-6)?
2, 11
Suppose 2 = j + j + 2*y, y = -5*j + 5. Let c = j - 1. Suppose c = 3*b + 3*u + 3, 0 = b + 5*u + 17. List the prime factors of b.
3
Let h(u) = 6*u**2 + 2*u + 6. What are the prime factors of h(3)?
2, 3, 11
Let h = -7 + 12. Suppose -5*y + 4*y = 5*p + 11, h*y = 2*p + 53. List the prime factors of 117/6*6/y.
13
Let q be (2/(-4))/(2/8). Let r(w) = -w - 1. Let c(k) = -2*k - 3. Let i(b) = -c(b) + 5*r(b). List the prime factors of i(q).
2
Suppose -272 = 5*x + 4*c - 4, 2*c = x + 48. Let j = x + 97. What are the prime factors of j?
3, 5
Suppose 0*t + x = 3*t - 3, -3*t + 4*x + 12 = 0. Suppose 0*a + 43 = -4*a - b, t = a + b + 7. Let f = a - -21. List the prime factors of f.
3
Let f = 127 + -85. What are the prime factors of f?
2, 3, 7
Suppose -w = 3*w - 84. Let z = w + -6. What are the prime factors of z?
3, 5
Suppose 0 = -6*t + 1227 - 171. What are the prime factors of t?
2, 11
Suppose 23*v = 19*v + 76. List the prime factors of v.
19
Suppose -2*s + 0 = -4. Let z(p) = 0*p**3 + p**3 + 7 - 4*p**2 - s*p**3 + 3*p. What are the prime factors of z(-5)?
17
Let g(k) be the first derivative of 8*k**3/3 - k**2 - k - 2. List the prime factors of g(-1).
3
Let r = 0 - -6. Suppose -v + r*v = 5. List the prime factors of 7 + (1 - v) + 0.
7
Let x = -32 - -96. What are the prime factors of x?
2
Let m(d) = 3*d - 6*d + 41 + 2*d**2 - 3*d**2 + 2*d. List the prime factors of m(0).
41
Let m = -4 - -7. Let h(c) = c**2 + 2 + 6*c**2 - m. What are the prime factors of h(1)?
2, 3
Let c be -2 + -1*(3 + -6). List the prime factors of 0*c/(-3) - -6.
2, 3
Suppose -8*o + 9*o - 9 = 0. What are the prime factors of o?
3
Suppose 4 - 7 = -p. Let u be (-29)/3 + 2/p. List the prime factors of (-2 + u)*-1 + -2.
3
Let w = 29 + -12. What are the prime factors of w?
17
Let c be (-9)/6*(-4)/(-6). Let j(h) = -23*h**3 - 2*h**2 - h. What are the prime factors of j(c)?
2, 11
Let h(v) = -3*v**2 - 4 + 4*v**2 - 3*v**2 - 3*v + 3*v**2. What are the prime factors of h(7)?
2, 3
Let t(b) = 18*b**2 + 1. Let u be t(-1). Suppose -3*l = f + 33, 5*l - f + 35 = 4*f. Let s = l + u. List the prime factors of s.
3
Suppose -5*s = -3*s + v - 53, 4*s - 4*v - 76 = 0. What are the prime factors of s?
2, 3
Suppose 4*k + 73 = 2*y - 17, -y + 33 = 2*k. Suppose -3*q - 3 = -y. List the prime factors of q.
2, 3
Let d = -164 - -255. What are the prime factors of d?
7, 13
Let j = 176 - 111. Suppose o - 2*a = 4*o - j, -4*o + 2*a = -82. List the prime factors of o.
3, 7
Let c = 7 - 3. Suppose 4 + 6 = 5*w - 5*h, 0 = 3*w - 5*h + c. What are the prime factors of w?
7
Suppose 44 = 59*t - 57*t. List the prime factors of t.
2, 11
Suppose 2*o - 16 = -2*o. Let j = o - 0. What are the prime factors of j?
2
What are the prime factors of 3/(9/129) + 0?
43
Let s be 34/6*3/(-1). Let y = -11 - s. Let i = y + -2. List the prime factors of i.
2
Let z(c) = -c**3 - 3*c**2 - 2*c. Let x be z(-3). Suppose 3*p = x*p - 3. Suppose l + 33 = 2*n, -5*l + 6 - p = 0. List the prime factors of n.
17
Suppose -7 = -4*i + 5*i + 3*d, 2*d - 18 = 5*i. Let q = -1 - i. List the prime factors of q.
3
Suppose -3*r + 3 = 27. Let c(h) = -h**2 - 9*h + 6. Let u be c(r). Suppose -4*j = -2*j - u. List the prime factors of j.
7
What are the prime factors of (-4)/6*3 - (16 - 101)?
83
Suppose 4*f = f. Let j(w) = f*w**2 + w**2 + 0*w + w. What are the prime factors of j(-4)?
2, 3
Let h be 6/(-3) - (-1)/1. Let f be (2 + h)*0*-1. Suppose f*i = i - 11. List the prime factors of i.
11
What are the prime factors of (-76)/(-2) - (-2)/(-1)?
2, 3
Let o(j) = j**2 + j - 2. Let r be 7*((-2)/(-7) + 0). What are the prime factors of o(r)?
2
Let t(o) = -20*o**3 + 1. Let q(h) = -h**2 + h + 1. Let f be q(2). What are the prime factors of t(f)?
3, 7
Suppose -5*m = -1 - 9, -3*i - 4*m = -29. Suppose i*k - 90 = 2*k. What are the prime factors of k?
2, 3
Let j be 10/(-2)*1/(-1). Let a be (0 + 2 + -1)*j. Suppose 0*g - a*r + 19 = 2*g, -1 = g - r. What are the prime factors of g?
2
Suppose -113 = -3*u - 2*x + 4*x, -4*u = x - 136. What are the prime factors of u?
5, 7
Let k = 8 + -14. Let g = k + 13. List the prime factors of g.
7
Let v(s) = -s**3 + 9*s**2 - 3*s + 6. Let i be v(9). List the prime factors of (9/2)/(i/(-28)).
2, 3
What are the prime factors of ((-20)/(-2 + 0))/1?
2, 5
Let v(n) = n + 12. Let a 